= -3*p + 5*p - 3*a, 4*a = -2*p + 126. What is the units digit of p?
7
Let s(i) = -i + 7. Suppose 0 = 5*u - 3*u + 10. What is the tens digit of s(u)?
1
Suppose -2*f = -4*f + 6. Suppose 3*g - 2 = -4*n - f, 5*n + g = 7. Suppose -n*y - 2 = -30. What is the units digit of y?
4
Let g be 0/4 - 0 - 2. Let r(i) = 4*i**2 + i - 3. What is the tens digit of r(g)?
1
Suppose 3*c + 0*i + 5*i = -37, 0 = -2*c - 2*i - 26. Let a = 7 + c. What is the units digit of -1 + (-1 - a) + 0?
5
Suppose 3*o + 33 = -3*p, 7*o - 42 = 2*p + 4*o. Let u be (-14)/(-8) + p/20. What is the units digit of -20*1/((-2)/u)?
0
Suppose 0*n + 9 = 3*n. Let r = 3 - n. Suppose -x = h + 3, 0 = -4*h - r*x + 3*x + 23. What is the units digit of h?
2
Suppose -2*o + 5*z + 2 = 4, -o = 3*z - 10. Suppose 0 = v - 1, 82 = o*a + 3*v - v. What is the tens digit of a?
2
Let q(f) = f. Let v(x) = -7*x + 5. Let i(t) = -6*q(t) - v(t). What is the units digit of i(6)?
1
Suppose 3*b + 2*a - 814 = -2*a, -a + 1 = 0. What is the tens digit of b?
7
What is the units digit of (-2)/(-5) - 756/(-35)?
2
Let u(z) be the first derivative of z**3/3 + 6*z**2 + 7*z + 2. Let l be u(-6). Let h = l - -49. What is the units digit of h?
0
Suppose -7*c + 6 = -5*c. Suppose 28 = c*y + y. What is the units digit of y?
7
Let v be (0 - -13) + 6 + -3. Let d = v - -16. What is the tens digit of d?
3
Let v = -9 + 17. Suppose -l = -4*l - 12, v = -2*z - 2*l. Suppose -5*m = d - 23, z*d + 4*m = 4*d - 20. What is the units digit of d?
8
What is the units digit of 8*(-5)/(-60)*2*3?
4
Let g(o) = o**3 - 6*o**2 + 5*o + 2. What is the tens digit of g(6)?
3
Suppose 2*t + t - 9 = -3*k, t - 1 = 0. Suppose 2*c + 3*u - 21 = -k*c, 5 = -5*u. What is the units digit of c?
6
Let t(v) = v**3 + 7*v**2 - 7*v - 7. Let c(l) = -l**2 + 1. Let g(x) = 3*c(x) + t(x). Let k(u) = 2*u + 5. Let j be k(-5). What is the units digit of g(j)?
6
What is the tens digit of ((12/(-10))/(-3))/((-18)/(-3960))?
8
Let c = 28 + -6. Suppose -4*y = -c - 50. What is the tens digit of y?
1
Let g(f) = -5*f**3 - 2*f**2 + 1. Let t = -4 + 3. Let a be g(t). What is the units digit of 6/4 + 2/a?
2
Let p = -12 - -39. What is the tens digit of 4 + 9/(p/78)?
3
Let m(x) = -x**2 + 7*x + 1. Let l be m(7). Let o(z) = 48*z**2 - 2*z + 1. Let a be o(l). Suppose -a + 5 = -3*i. What is the tens digit of i?
1
Let k(g) = g. Let h be (-4*10/(-4))/2. Suppose -r = 4*v + 19, -25 = -h*r + 4*v - 0*v. What is the units digit of k(r)?
1
Let w(p) = -6*p + 57. What is the units digit of w(0)?
7
Let w(p) = -p**3 + 6*p**2 - 5. Let b be w(6). Let z be 2/(-10) - 11/b. Suppose 28 = 5*u - 3*o, z*u = -3*u - 3*o + 52. What is the units digit of u?
8
Let n(s) be the third derivative of 0*s + 1/20*s**5 + 0 - 1/3*s**3 + 0*s**4 - 3*s**2. What is the units digit of n(2)?
0
Suppose 5*v = -15 - 65. Suppose -2*a = -4*c - 4, 0 + 4 = -3*a + 4*c. Let d = a - v. What is the units digit of d?
8
Suppose -5*t + 194 = 2*n - 361, -4*n + 1080 = 4*t. What is the units digit of n?
5
Let h(y) = y**3 - 6*y**2 + 7*y - 8. What is the units digit of h(5)?
2
Suppose 10 = n - 0*n. Let c = 5 + -2. Let z = n - c. What is the units digit of z?
7
Let k be (-2)/(2/(-71) + 0). Let j = k - 31. What is the tens digit of j?
4
Let z(y) = -2*y**2 + 4*y - 5. Let t(g) = 3*g + 1. Let c be t(1). Let u be z(c). Let q = -14 - u. What is the units digit of q?
7
Suppose 4*z - 19 = -6*m + 3*m, 4*m = 3*z + 17. Suppose -5*k - 3 = 2*w - 16, w = -4*k - z. What is the units digit of w?
9
Let f = -25 + 23. What is the tens digit of (8/6)/(f/(-66))?
4
Let j(a) = a + 2. Let w be j(0). Suppose 2*i + 0*i = w. What is the units digit of i?
1
Let i(j) = 2*j**2 - 4*j - 1. Let h be i(3). Suppose 5*d = -h*m + 45, m = 6*d - 3*d + 21. What is the units digit of ((-10)/(-3))/(m/18)?
5
Let v(u) be the first derivative of -u**3/3 + u**2/2 + 6*u - 5. What is the units digit of v(0)?
6
Let s(f) = f**2 - 3*f - 4. Let p be s(4). Suppose p = -0*g - 4*g - 4*i + 20, 8 = 4*i. Let b = 6 + g. What is the units digit of b?
9
Suppose -o = 4*v + 85, 0 = 3*v - 5*o + 47 - 12. Let c = 40 + v. What is the units digit of c?
0
What is the units digit of (77/4)/(2/8)?
7
Suppose 0 = p - 93 + 18. What is the units digit of p?
5
Suppose 0 = -5*v + 2*k + 409, -3*k = 5*v + 20 - 419. What is the units digit of v?
1
Let q = -41 + 23. Let p = -8 - q. What is the units digit of p?
0
Let x(t) = 2*t. Let v = -8 - -12. Let b be x(v). Suppose -b = -5*i + 47. What is the tens digit of i?
1
Let v(p) = 91*p + 2. What is the tens digit of v(1)?
9
Let k(v) = -4*v - 9. Let x(n) = n + 1. Let d(c) = -k(c) - 5*x(c). Let f be d(0). Suppose -5*p = 20, -f*p = -w - w + 34. What is the units digit of w?
9
Suppose 3*u = 69 + 51. What is the units digit of u?
0
Let j = 1 - 2. Let g = j - 6. Let d = g + 11. What is the units digit of d?
4
Suppose -4*m + w + 3 + 3 = 0, 5*w - 18 = -4*m. Suppose 3*q - 2*f = 3*f + 22, -4*q + 40 = -4*f. Suppose 2*o = -m + q. What is the units digit of o?
6
Suppose 4*w + 27 = 7*w. Suppose 2*g + 5*a = -2*g + 13, -4*a = 3*g - w. What is the units digit of g?
7
Let b(i) = 14*i - 6. Let r be b(4). Suppose 8*p = 3*p + r. What is the tens digit of p?
1
Let l be (3/2)/(15/(-40)). What is the units digit of (-12)/(-3) - (-16 - l)?
6
What is the units digit of ((-70)/(-30))/(1/54)?
6
Suppose 0 = -12*n + 13*n - 385. What is the units digit of n?
5
Suppose -3*q - q - 5*z + 33 = 0, 0 = -q - 5*z + 27. Suppose -43 = -q*k - 11. What is the units digit of k?
6
Let s be (1 + -2)/(1/(-13)). Let n = -5 - -9. Suppose -49 + s = -n*b. What is the units digit of b?
9
Suppose 4*y = -0*y + u + 104, 0 = y - 3*u - 37. Let p = y - 22. What is the units digit of p?
3
Let j be (-21 - -1)*5/(-20). Suppose q - 10 + 3 = 0. Suppose -q = -j*m + 43. What is the units digit of m?
0
What is the units digit of -2 - (0 - -2 - 24)?
0
Suppose 0 = -11*d + 6*d + 35. What is the units digit of d?
7
Let r(x) = 2*x**2 - 3*x - 4. Let v be r(3). What is the units digit of 15/6*12/v?
6
Let k(l) = -l**2 - 16*l + 2. What is the units digit of k(-16)?
2
Let g = 5 - 0. Let t(k) be the second derivative of k**5/20 - k**4/2 + 7*k**3/6 + k**2 + 9*k. What is the units digit of t(g)?
2
Let u = 0 - -5. Suppose -n = h - 1, 3*h - 11 = -0*n - u*n. Suppose -g + n = g. What is the units digit of g?
2
Let s(h) = 10*h**2 + 5*h - 2. Let z(k) = 5*k**2 + 3*k - 1. Let m(y) = 4*s(y) - 7*z(y). Let t be (8/(-2) + 2)/2. What is the units digit of m(t)?
5
Suppose 85 = p + 2*a - 205, -5*a = -2*p + 571. What is the units digit of p?
8
Let s = -32 - -33. Let b = 5 - 1. Suppose 3 + s = b*t. What is the units digit of t?
1
What is the units digit of 4/18 + 468/81?
6
Let m = -9 + 27. What is the units digit of m?
8
Let c = -1 + 17. What is the units digit of c?
6
Let i(a) = 1 + 13*a - a**2 - 3 - 4*a. Let s be i(8). What is the units digit of s/10 - 96/(-15)?
7
Suppose -44 = -3*z + 28. Suppose -3*o - z = o. What is the units digit of 1*2 - (o - -3)?
5
Let x = -4 - -7. Suppose 4*t = -3*o + 46, 4*o + x*t = -2*t + 62. What is the units digit of o?
8
Let d(r) = 2*r - 2. Let c be d(4). Let w be 6*(-1 + 2/c). Let f(t) = t**3 + 5*t**2 + 3*t - 3. What is the units digit of f(w)?
1
Let r(d) = 8 - 6 - 4 - 2*d - 5*d. Let k be (-24)/14 + (-2)/7. What is the units digit of r(k)?
2
Suppose 3*k + 121 = -4*w, 3*w + k + 21 = -66. Let h = w + 49. What is the tens digit of h?
2
Let h = 10 + -5. Suppose -h*u + 6 = -4, 4*u - 76 = -4*c. What is the tens digit of c?
1
Let v(u) = 158*u**3 + 4*u**2 - 4*u + 1. What is the tens digit of v(1)?
5
Let i(f) = 7*f + 9. Let t be 3*3/2*2. Let o(w) = 3*w + 4. Let k(l) = t*o(l) - 4*i(l). What is the units digit of k(-2)?
2
Let y be 29 + 1*(-1 + 1). Let q = y - 2. What is the tens digit of q?
2
Let u = 29 + -21. Suppose 0 = 4*q - 8*q + u. What is the units digit of q?
2
Let q(f) = 5*f**3 + f**2 + 9. Let p(n) = n**3. Let y(o) = -4*p(o) + q(o). What is the units digit of y(0)?
9
Let v be 2 + (6 - (-2 - -5)). Suppose v*k = 2*u + 192, u - 107 - 97 = -5*k. What is the units digit of k?
0
Suppose -6*g - 3*w = -11*g - 84, -5*w + 30 = -g. Let s be g/3*1/1. What is the units digit of (s + -2 + 1)*-1?
6
Let n(q) = -6*q**3 - 2*q**2 + 3*q + 3. What is the hundreds digit of n(-4)?
3
Suppose -j = -k + 1, -5*k + 2 = -3*k - 3*j. Let a(x) = x + 7 + k + 0. What is the units digit of a(-7)?
